{"id":4960,"date":"2016-11-08T10:56:57","date_gmt":"2016-11-08T10:56:57","guid":{"rendered":"http:\/\/www.guia-verde.es\/itcjournal1\/?post_type=product&#038;p=4960"},"modified":"2021-12-28T22:51:49","modified_gmt":"2021-12-28T22:51:49","slug":"journal-no44-45-dec2012","status":"publish","type":"product","link":"http:\/\/www.itcjournal.org\/?product=journal-no44-45-dec2012","title":{"rendered":"Journal n\u00ba44-45 &#8211; Dec\/2012"},"content":{"rendered":"<h2>Contents<\/h2>\n<p>On the unreliability of human detection of the anomalous<br \/>\nelectronic voices<br \/>\n<strong>Anabela Cardoso<\/strong><\/p>\n<p>On the possibilities of deception in the assessment of results from<br \/>\nlistening tests with tape-recorded speech samples<br \/>\n<strong>Jochem Sotscheck<\/strong><\/p>\n<p><strong>FORUM<\/strong><br \/>\nFrom:<strong> Uwe Hartmann<\/strong><br \/>\nFrom: <strong>Anabela Cardoso<\/strong><\/p>\n<p>About electromagnetic field measurements during EVP\/DRV<br \/>\nrecordings<br \/>\n<strong>Uwe Hartmann<\/strong><\/p>\n<p><strong>ITC News<\/strong><br \/>\nPaolo Presi&#8217;s new Book: Esplorando l&#8217;Invisibile<br \/>\nTranslation of Review of Paolo Presi&#8217;s book<\/p>\n<p>Personal Testimony<br \/>\nLes cravates (The ties) <strong>Marie-H\u00e9l\u00e8ne Bienaim\u00e9<\/strong><\/p>\n<p>The Tap-dancing ITC: Testimony and Correspondence<br \/>\n<strong>Alan Jarratt<\/strong><\/p>\n<p>An Investigation into the Tap-dancing Phenomenon<br \/>\n<strong>Uwe Hartmann<\/strong><\/p>\n<p>My Dog Mylo <strong>Alan Jarratt<\/strong> 56<\/p>\n<p><strong>ITC Historical Perspective<\/strong><br \/>\nTribute to Father-scientist Roberto Landell de Moura:<br \/>\nTelecommunications Pioneer<br \/>\n<strong>Ivan Dorneles Rodrigues<\/strong><\/p>\n<p>The Ethereal Transmission of Thought: A New Field of<br \/>\nExperimentation ( from Light 1915)<br \/>\n<strong>David Wilson<\/strong><\/p>\n<p><strong>Readers&#8217; Letters<\/strong> 83<\/p>\n<p>Stimulated Psychophony (continued)<br \/>\n<strong>Carlo M. Trajna<\/strong><\/p>\n<p>Comments received on the publication of the Report<\/p>\n<p>A two-year investigation of the allegedly anomalous electronic<br \/>\nvoices or EVP<br \/>\n<strong>Anabela Cardoso<\/strong><\/p>\n<p>An interview with Anabela Cardoso: Anomalous electronic voices<br \/>\nreceived via Instrumental Transcommunication<br \/>\n<strong>Sylvia Hart Wright<\/strong><\/p>\n<p>Special notice to subscribers and subscription form<br \/>\nITC publications<br \/>\nNotice to Authors<\/p>\n<p>Please see page 177 for a special announcement<br \/>\nto all subscribers and those wishing to subscribe<br \/>\nto the ITC Journal.<\/p>\n<p>&nbsp;<\/p>\n<p>Dep. Legal: VG-435-2003<br \/>\nISSN: 1696-4586 ITC (Vigo)<\/p>\n","protected":false},"excerpt":{"rendered":"<p>Contents On the unreliability of human detection of the anomalous electronic voices Anabela Cardoso On the possibilities of deception in the assessment of results from listening tests with tape-recorded speech samples Jochem Sotscheck FORUM From: Uwe Hartmann From: Anabela Cardoso About electromagnetic field measurements during EVP\/DRV recordings Uwe Hartmann ITC News Paolo Presi&#8217;s new Book:&hellip;<\/p>\n","protected":false},"featured_media":6037,"template":"","meta":[],"product_brand":[],"product_cat":[113],"product_tag":[123,122,120,121,119,125,124],"class_list":{"0":"post-4960","1":"product","2":"type-product","3":"status-publish","4":"has-post-thumbnail","6":"product_cat-journal","7":"product_tag-evp","8":"product_tag-hearing-voices","9":"product_tag-instrumental-transcommunication","10":"product_tag-itc","11":"product_tag-itc-jounal","12":"product_tag-physical-phenomena","13":"product_tag-survival","14":"description-off","16":"first","17":"instock","18":"shipping-taxable","19":"purchasable","20":"product-type-variable"},"yoast_head":"<!-- This site is optimized with the Yoast SEO plugin v27.4 - https:\/\/yoast.com\/product\/yoast-seo-wordpress\/ -->\n<title>Journal n\u00ba44-45 - Dec\/2012 - ItcJournal<\/title>\n<meta name=\"robots\" content=\"index, follow, max-snippet:-1, max-image-preview:large, max-video-preview:-1\" \/>\n<link rel=\"canonical\" href=\"http:\/\/www.itcjournal.org\/?product=journal-no44-45-dec2012\" \/>\n<meta property=\"og:locale\" content=\"en_GB\" \/>\n<meta property=\"og:type\" content=\"article\" \/>\n<meta property=\"og:title\" content=\"Journal n\u00ba44-45 - Dec\/2012 - ItcJournal\" \/>\n<meta property=\"og:description\" content=\"Contents On the unreliability of human detection of the anomalous electronic voices Anabela Cardoso On the possibilities of deception in the assessment of results from listening tests with tape-recorded speech samples Jochem Sotscheck FORUM From: Uwe Hartmann From: Anabela Cardoso About electromagnetic field measurements during EVP\/DRV recordings Uwe Hartmann ITC News Paolo Presi&#8217;s new Book:&hellip;\" \/>\n<meta property=\"og:url\" content=\"http:\/\/www.itcjournal.org\/?product=journal-no44-45-dec2012\" \/>\n<meta property=\"og:site_name\" content=\"ItcJournal\" \/>\n<meta property=\"article:publisher\" content=\"https:\/\/www.facebook.com\/anabela.mouratocardoso\" \/>\n<meta property=\"article:modified_time\" content=\"2021-12-28T22:51:49+00:00\" \/>\n<meta property=\"og:image\" content=\"http:\/\/www.itcjournal.org\/wp-content\/uploads\/2016\/11\/44-45.jpg\" \/>\n\t<meta property=\"og:image:width\" content=\"350\" \/>\n\t<meta property=\"og:image:height\" content=\"500\" \/>\n\t<meta property=\"og:image:type\" content=\"image\/jpeg\" \/>\n<meta name=\"twitter:card\" content=\"summary_large_image\" \/>\n<meta name=\"twitter:site\" content=\"@anabela73767942\" \/>\n<meta name=\"twitter:label1\" content=\"Estimated reading time\" \/>\n\t<meta name=\"twitter:data1\" content=\"1 minute\" \/>\n<script type=\"application\/ld+json\" class=\"yoast-schema-graph\">{\"@context\":\"https:\\\/\\\/schema.org\",\"@graph\":[{\"@type\":\"WebPage\",\"@id\":\"http:\\\/\\\/www.itcjournal.org\\\/?product=journal-no44-45-dec2012\",\"url\":\"http:\\\/\\\/www.itcjournal.org\\\/?product=journal-no44-45-dec2012\",\"name\":\"Journal n\u00ba44-45 - Dec\\\/2012 - ItcJournal\",\"isPartOf\":{\"@id\":\"http:\\\/\\\/www.itcjournal.org\\\/#website\"},\"primaryImageOfPage\":{\"@id\":\"http:\\\/\\\/www.itcjournal.org\\\/?product=journal-no44-45-dec2012#primaryimage\"},\"image\":{\"@id\":\"http:\\\/\\\/www.itcjournal.org\\\/?product=journal-no44-45-dec2012#primaryimage\"},\"thumbnailUrl\":\"http:\\\/\\\/www.itcjournal.org\\\/wp-content\\\/uploads\\\/2016\\\/11\\\/44-45.jpg\",\"datePublished\":\"2016-11-08T10:56:57+00:00\",\"dateModified\":\"2021-12-28T22:51:49+00:00\",\"breadcrumb\":{\"@id\":\"http:\\\/\\\/www.itcjournal.org\\\/?product=journal-no44-45-dec2012#breadcrumb\"},\"inLanguage\":\"en-GB\",\"potentialAction\":[{\"@type\":\"ReadAction\",\"target\":[\"http:\\\/\\\/www.itcjournal.org\\\/?product=journal-no44-45-dec2012\"]}]},{\"@type\":\"ImageObject\",\"inLanguage\":\"en-GB\",\"@id\":\"http:\\\/\\\/www.itcjournal.org\\\/?product=journal-no44-45-dec2012#primaryimage\",\"url\":\"http:\\\/\\\/www.itcjournal.org\\\/wp-content\\\/uploads\\\/2016\\\/11\\\/44-45.jpg\",\"contentUrl\":\"http:\\\/\\\/www.itcjournal.org\\\/wp-content\\\/uploads\\\/2016\\\/11\\\/44-45.jpg\",\"width\":350,\"height\":500},{\"@type\":\"BreadcrumbList\",\"@id\":\"http:\\\/\\\/www.itcjournal.org\\\/?product=journal-no44-45-dec2012#breadcrumb\",\"itemListElement\":[{\"@type\":\"ListItem\",\"position\":1,\"name\":\"Home\",\"item\":\"http:\\\/\\\/www.itcjournal.org\\\/\"},{\"@type\":\"ListItem\",\"position\":2,\"name\":\"Shop\",\"item\":\"http:\\\/\\\/www.itcjournal.org\\\/?page_id=4576\"},{\"@type\":\"ListItem\",\"position\":3,\"name\":\"Journal n\u00ba44-45 &#8211; Dec\\\/2012\"}]},{\"@type\":\"WebSite\",\"@id\":\"http:\\\/\\\/www.itcjournal.org\\\/#website\",\"url\":\"http:\\\/\\\/www.itcjournal.org\\\/\",\"name\":\"ItcJournal\",\"description\":\"ITC Journal Investigation of Instrumental Transcommunication Phenomena.\",\"publisher\":{\"@id\":\"http:\\\/\\\/www.itcjournal.org\\\/#organization\"},\"alternateName\":\"ITC Journal - Instrumental Transcommunication\",\"potentialAction\":[{\"@type\":\"SearchAction\",\"target\":{\"@type\":\"EntryPoint\",\"urlTemplate\":\"http:\\\/\\\/www.itcjournal.org\\\/?s={search_term_string}\"},\"query-input\":{\"@type\":\"PropertyValueSpecification\",\"valueRequired\":true,\"valueName\":\"search_term_string\"}}],\"inLanguage\":\"en-GB\"},{\"@type\":\"Organization\",\"@id\":\"http:\\\/\\\/www.itcjournal.org\\\/#organization\",\"name\":\"ItcJournal ( Instrumental Transcommunication )\",\"url\":\"http:\\\/\\\/www.itcjournal.org\\\/\",\"logo\":{\"@type\":\"ImageObject\",\"inLanguage\":\"en-GB\",\"@id\":\"http:\\\/\\\/www.itcjournal.org\\\/#\\\/schema\\\/logo\\\/image\\\/\",\"url\":\"http:\\\/\\\/www.itcjournal.org\\\/wp-content\\\/uploads\\\/2013\\\/02\\\/itcjournal.png\",\"contentUrl\":\"http:\\\/\\\/www.itcjournal.org\\\/wp-content\\\/uploads\\\/2013\\\/02\\\/itcjournal.png\",\"width\":300,\"height\":81,\"caption\":\"ItcJournal ( Instrumental Transcommunication )\"},\"image\":{\"@id\":\"http:\\\/\\\/www.itcjournal.org\\\/#\\\/schema\\\/logo\\\/image\\\/\"},\"sameAs\":[\"https:\\\/\\\/www.facebook.com\\\/anabela.mouratocardoso\",\"https:\\\/\\\/x.com\\\/anabela73767942\"]}]}<\/script>\n<!-- \/ Yoast SEO plugin. -->","yoast_head_json":{"title":"Journal n\u00ba44-45 - Dec\/2012 - ItcJournal","robots":{"index":"index","follow":"follow","max-snippet":"max-snippet:-1","max-image-preview":"max-image-preview:large","max-video-preview":"max-video-preview:-1"},"canonical":"http:\/\/www.itcjournal.org\/?product=journal-no44-45-dec2012","og_locale":"en_GB","og_type":"article","og_title":"Journal n\u00ba44-45 - Dec\/2012 - ItcJournal","og_description":"Contents On the unreliability of human detection of the anomalous electronic voices Anabela Cardoso On the possibilities of deception in the assessment of results from listening tests with tape-recorded speech samples Jochem Sotscheck FORUM From: Uwe Hartmann From: Anabela Cardoso About electromagnetic field measurements during EVP\/DRV recordings Uwe Hartmann ITC News Paolo Presi&#8217;s new Book:&hellip;","og_url":"http:\/\/www.itcjournal.org\/?product=journal-no44-45-dec2012","og_site_name":"ItcJournal","article_publisher":"https:\/\/www.facebook.com\/anabela.mouratocardoso","article_modified_time":"2021-12-28T22:51:49+00:00","og_image":[{"width":350,"height":500,"url":"http:\/\/www.itcjournal.org\/wp-content\/uploads\/2016\/11\/44-45.jpg","type":"image\/jpeg"}],"twitter_card":"summary_large_image","twitter_site":"@anabela73767942","twitter_misc":{"Estimated reading time":"1 minute"},"schema":{"@context":"https:\/\/schema.org","@graph":[{"@type":"WebPage","@id":"http:\/\/www.itcjournal.org\/?product=journal-no44-45-dec2012","url":"http:\/\/www.itcjournal.org\/?product=journal-no44-45-dec2012","name":"Journal n\u00ba44-45 - Dec\/2012 - ItcJournal","isPartOf":{"@id":"http:\/\/www.itcjournal.org\/#website"},"primaryImageOfPage":{"@id":"http:\/\/www.itcjournal.org\/?product=journal-no44-45-dec2012#primaryimage"},"image":{"@id":"http:\/\/www.itcjournal.org\/?product=journal-no44-45-dec2012#primaryimage"},"thumbnailUrl":"http:\/\/www.itcjournal.org\/wp-content\/uploads\/2016\/11\/44-45.jpg","datePublished":"2016-11-08T10:56:57+00:00","dateModified":"2021-12-28T22:51:49+00:00","breadcrumb":{"@id":"http:\/\/www.itcjournal.org\/?product=journal-no44-45-dec2012#breadcrumb"},"inLanguage":"en-GB","potentialAction":[{"@type":"ReadAction","target":["http:\/\/www.itcjournal.org\/?product=journal-no44-45-dec2012"]}]},{"@type":"ImageObject","inLanguage":"en-GB","@id":"http:\/\/www.itcjournal.org\/?product=journal-no44-45-dec2012#primaryimage","url":"http:\/\/www.itcjournal.org\/wp-content\/uploads\/2016\/11\/44-45.jpg","contentUrl":"http:\/\/www.itcjournal.org\/wp-content\/uploads\/2016\/11\/44-45.jpg","width":350,"height":500},{"@type":"BreadcrumbList","@id":"http:\/\/www.itcjournal.org\/?product=journal-no44-45-dec2012#breadcrumb","itemListElement":[{"@type":"ListItem","position":1,"name":"Home","item":"http:\/\/www.itcjournal.org\/"},{"@type":"ListItem","position":2,"name":"Shop","item":"http:\/\/www.itcjournal.org\/?page_id=4576"},{"@type":"ListItem","position":3,"name":"Journal n\u00ba44-45 &#8211; Dec\/2012"}]},{"@type":"WebSite","@id":"http:\/\/www.itcjournal.org\/#website","url":"http:\/\/www.itcjournal.org\/","name":"ItcJournal","description":"ITC Journal Investigation of Instrumental Transcommunication Phenomena.","publisher":{"@id":"http:\/\/www.itcjournal.org\/#organization"},"alternateName":"ITC Journal - Instrumental Transcommunication","potentialAction":[{"@type":"SearchAction","target":{"@type":"EntryPoint","urlTemplate":"http:\/\/www.itcjournal.org\/?s={search_term_string}"},"query-input":{"@type":"PropertyValueSpecification","valueRequired":true,"valueName":"search_term_string"}}],"inLanguage":"en-GB"},{"@type":"Organization","@id":"http:\/\/www.itcjournal.org\/#organization","name":"ItcJournal ( Instrumental Transcommunication )","url":"http:\/\/www.itcjournal.org\/","logo":{"@type":"ImageObject","inLanguage":"en-GB","@id":"http:\/\/www.itcjournal.org\/#\/schema\/logo\/image\/","url":"http:\/\/www.itcjournal.org\/wp-content\/uploads\/2013\/02\/itcjournal.png","contentUrl":"http:\/\/www.itcjournal.org\/wp-content\/uploads\/2013\/02\/itcjournal.png","width":300,"height":81,"caption":"ItcJournal ( Instrumental Transcommunication )"},"image":{"@id":"http:\/\/www.itcjournal.org\/#\/schema\/logo\/image\/"},"sameAs":["https:\/\/www.facebook.com\/anabela.mouratocardoso","https:\/\/x.com\/anabela73767942"]}]}},"_links":{"self":[{"href":"http:\/\/www.itcjournal.org\/index.php?rest_route=\/wp\/v2\/product\/4960","targetHints":{"allow":["GET"]}}],"collection":[{"href":"http:\/\/www.itcjournal.org\/index.php?rest_route=\/wp\/v2\/product"}],"about":[{"href":"http:\/\/www.itcjournal.org\/index.php?rest_route=\/wp\/v2\/types\/product"}],"wp:featuredmedia":[{"embeddable":true,"href":"http:\/\/www.itcjournal.org\/index.php?rest_route=\/wp\/v2\/media\/6037"}],"wp:attachment":[{"href":"http:\/\/www.itcjournal.org\/index.php?rest_route=%2Fwp%2Fv2%2Fmedia&parent=4960"}],"wp:term":[{"taxonomy":"product_brand","embeddable":true,"href":"http:\/\/www.itcjournal.org\/index.php?rest_route=%2Fwp%2Fv2%2Fproduct_brand&post=4960"},{"taxonomy":"product_cat","embeddable":true,"href":"http:\/\/www.itcjournal.org\/index.php?rest_route=%2Fwp%2Fv2%2Fproduct_cat&post=4960"},{"taxonomy":"product_tag","embeddable":true,"href":"http:\/\/www.itcjournal.org\/index.php?rest_route=%2Fwp%2Fv2%2Fproduct_tag&post=4960"}],"curies":[{"name":"wp","href":"https:\/\/api.w.org\/{rel}","templated":true}]}}